e p(-7).
6
Let t(m) = 2*m - 2. Calculate t(-4).
-10
Let a(l) = -l**3 + 34*l**2 - 28*l - 182. What is a(33)?
-17
Let o(k) = k**3 - 5*k**2 + 2*k. Determine o(1).
-2
Let u(k) = 21*k - 529. Determine u(25).
-4
Let p(z) = -5*z - 27. What is p(-11)?
28
Let o(b) = -b**3 + 4*b**2 + 15*b - 14. Determine o(6).
4
Let g(o) = 3*o + 4. Calculate g(-3).
-5
Let y(p) = 20*p + 254. Calculate y(-13).
-6
Let i(q) = -q**2 + 35*q - 242. Give i(26).
-8
Let w(d) = 2*d - 45. Determine w(7).
-31
Let p(f) = -f**3 - 3*f**2 + 5*f + 8. Determine p(-3).
-7
Let t(d) = 6*d + 4. Give t(-1).
-2
Let v(a) = 15*a - 20. Give v(2).
10
Let z(k) = k**3 - 2*k**2 - 12*k + 24. What is z(3)?
-3
Let p(g) = 2*g**3 - 18*g**2 - 72*g + 2. What is p(12)?
2
Let a(b) = 7*b**3 + 2*b**2 + 2*b + 1. Determine a(-1).
-6
Let p(k) = -k**2 + 10*k + 10. Give p(8).
26
Let p(g) = 30*g + 1. Determine p(1).
31
Let f(d) = -d**3 - 15*d**2 - 14*d + 12. Calculate f(-14).
12
Let u(b) = b + 11. Calculate u(-17).
-6
Let p(f) = -f**2 + 24*f. Determine p(24).
0
Let m(o) = 18*o + 8. What is m(-1)?
-10
Let v(z) = -z**3 + 2*z + 57. Determine v(0).
57
Let s(h) = h + 27. What is s(0)?
27
Let y(n) = 4*n**3 + 8*n**2 + 2*n - 6. Determine y(-2).
-10
Let s(k) = k + 6. Calculate s(-11).
-5
Let j(a) = -5*a - 111. Determine j(-21).
-6
Let t(i) = 2*i**2 - 18*i - 18. Determine t(10).
2
Let k(v) = v**3 - 10*v**2 + 19*v + 15. Give k(7).
1
Let c(d) = -2*d + 11. What is c(2)?
7
Let o(i) = -i**3 + 15*i**2 + 15*i + 9. What is o(16)?
-7
Let z(x) = 121*x - 120. What is z(1)?
1
Let r(a) = -a**3 + 12*a**2 + 13*a + 9. Calculate r(13).
9
Let p(q) = q**2 - 24*q + 3. Calculate p(23).
-20
Let v(y) = y**2 - 30*y + 78. Determine v(27).
-3
Let u(o) = 4*o - 26. Determine u(7).
2
Let r(b) = -2*b + 16. Calculate r(10).
-4
Let z(f) = -f + 11. Calculate z(4).
7
Let w(u) = 15*u + 137. Calculate w(-11).
-28
Let h(m) = 26*m + 9. What is h(-3)?
-69
Let k(h) = -h**3 - 4*h**2 + 2*h - 5. What is k(-5)?
10
Let f(w) = w**2 - 6*w - 46. What is f(-4)?
-6
Let p(a) = -9*a + 10. What is p(1)?
1
Let t(a) = 3*a - 31. What is t(9)?
-4
Let z(j) = -4*j - 23. Give z(-10).
17
Let t(o) = -o - 14. Determine t(-5).
-9
Let d(q) = -q**2 + 14*q - 4. What is d(14)?
-4
Let f(g) = -g - 45. What is f(-50)?
5
Let u(c) = c**3 - 3*c**2 - 9*c + 8. What is u(4)?
-12
Let i(b) = 21*b + 230. Determine i(-11).
-1
Let l(o) = -o**2 + o + 74. What is l(0)?
74
Let r(p) = -4*p - 60. Calculate r(-16).
4
Let o(g) = -g**3 - 9*g**2 - 5*g - 8. Determine o(-4).
-68
Let n(t) = -3*t + 15. What is n(4)?
3
Let p(y) = -17*y - 91. Give p(-3).
-40
Let s(x) = -9*x**2 - x - 1. Give s(-2).
-35
Let z(q) = -q**3 + 12*q**2 - 22*q + 7. Give z(10).
-13
Let k(z) = 11*z**2 + z + 1. Calculate k(2).
47
Let r(z) = z**2 - z - 25. Calculate r(6).
5
Let y(t) = 26*t**3 + 2*t**2 - 2*t + 1. Calculate y(1).
27
Let u(c) = -c**3 + 4*c**2 + 7*c - 14. Determine u(5).
-4
Let z(s) = s - 10. What is z(5)?
-5
Let r(t) = -2*t**2 + 61*t + 43. Give r(31).
12
Let z(h) = h**3 - 8*h**2 - 4*h + 4. What is z(8)?
-28
Let y(b) = b**3 - b**2 + 2*b + 1. Calculate y(3).
25
Let u(i) = i**2 + 8*i + 30. Determine u(-6).
18
Let y(j) = -j**2 + 19*j - 50. Calculate y(15).
10
Let a(q) = -q**3 + 12*q**2 - 27*q - 1. What is a(9)?
-1
Let r(m) = 7*m - 114. Determine r(16).
-2
Let g(d) = -2*d**2 + d + 4. Calculate g(-2).
-6
Let c(g) = -11*g**2 + 5. Calculate c(3).
-94
Let y(k) = -k**3 + 5*k**2 + 5*k - 23. Calculate y(6).
-29
Let j(y) = -2*y - 5. What is j(0)?
-5
Let z(c) = -c**3 - 10*c**2 - 7*c - 11. Calculate z(-5).
-101
Let t(i) = -i**3 + 4*i**2 + 11*i - 11. What is t(8)?
-179
Let d(z) = 3*z - 15. Give d(4).
-3
Let l(v) = v**3 + 22*v**2 - 24*v - 6. What is l(-23)?
17
Let y(t) = -2*t**2 - 18*t + 1. Calculate y(-8).
17
Let p(z) = -z**3 + 11*z**2 - 18*z - 3. Give p(9).
-3
Let z(s) = s**2 - 6*s + 8. Calculate z(4).
0
Let y(z) = -23*z - 27. Calculate y(-1).
-4
Let d(s) = 13*s - 25. Calculate d(5).
40
Let a(u) = -u**3 + u**2 - 2*u - 22. Determine a(0).
-22
Let v(c) = -c**3 - c**2 - 27. What is v(0)?
-27
Let m(w) = w**3 + w**2 - 7*w - 3. Give m(-3).
0
Let d(v) = v**3 - 21*v**2 - 2*v + 21. What is d(21)?
-21
Let z(j) = 6*j**3 + 2*j**2 - 3*j + 2. Determine z(2).
52
Let q(s) = s**3 + 2*s**2 - 4*s + 7. What is q(2)?
15
Let z(j) = 2*j**2 + 4*j - 3. Calculate z(6).
93
Let i(y) = -y**3 - y - 1. Calculate i(0).
-1
Let d(z) = -6*z + 13. Give d(3).
-5
Let u(p) = 4*p**2 - 48*p + 28. Determine u(12).
28
Let b(l) = -l**3 + 6*l**2 - 2*l - 2. Give b(5).
13
Let h(x) = -x**2 + 23*x + 243. Calculate h(31).
-5
Let d(j) = 2*j**3 - j**2 + 2*j + 1. Give d(2).
17
Let m(y) = 49*y + 5. What is m(1)?
54
Let i(r) = r**3 + 6*r**2 + 2*r - 8. Determine i(-6).
-20
Let g(x) = -15*x - 1. What is g(2)?
-31
Let c(s) = -s**3 - 7*s**2 + 22*s + 28. What is c(-9)?
-8
Let q(b) = -b**3 - 26*b**2 - 23*b + 39. Give q(-25).
-11
Let u(r) = -4*r**2 + 53*r + 14. Give u(14).
-28
Let d(p) = -p**2 - 4*p - 6. What is d(-3)?
-3
Let j(g) = -g + 2. Give j(0).
2
Let x(a) = a**3 - 12*a**2 + 12. Calculate x(12).
12
Let o(j) = -5*j + 25. Determine o(5).
0
Let s(k) = 9*k + 114. Determine s(-13).
-3
Let n(q) = q**2 - 16*q - 13. Give n(16).
-13
Let b(g) = -g + 11. Determine b(5).
6
Let f(l) = -l**2 - 6*l + 5. Determine f(3).
-22
Let o(x) = -3*x**2 + 5. What is o(-2)?
-7
Let w(p) = p**2 + 26*p + 27. Calculate w(-21).
-78
Let n(f) = -f**3 + 4*f**2 + 24*f - 15. Determine n(7).
6
Let o(n) = 2*n**2 + n + 1. Determine o(0).
1
Let l(y) = y**2 + 11*y - 154. What is l(8)?
-2
Let z(u) = u**3 + 3*u**2 - 14*u - 32. Determine z(-4).
8
Let c(k) = k**2 - 2*k + 5. Determine c(0).
5
Let n(m) = -m**3 + 3*m**2 + 5*m - 7. What is n(4)?
-3
Let m(b) = b - 6. What is m(13)?
7
Let j(z) = -5*z + 2. What is j(2)?
-8
Let q(i) = 2*i + 2. Calculate q(2).
6
Let t(r) = -r**3 + 10*r**2 - 9*r - 7. What is t(9)?
-7
Let c(v) = -3*v + 121. What is c(20)?
61
Let k(l) = -5*l + 6. Calculate k(-5).
31
Let u(q) = -q**2 + 6*q - 6. What is u(5)?
-1
Let z(y) = y**2 - 9*y + 36. What is z(11)?
58
Let v(p) = -p**2 - 14*p - 39. Calculate v(-5).
6
Let p(m) = m**2 - 14*m - 3. Calculate p(15).
12
Let d(m) = m**3 + 23*m**2 - 3*m - 61. Calculate d(-23).
8
Let g(z) = -z**2 + 18. Determine g(-5).
-7
Let x(v) = v**2 + 4*v - 26. Determine x(4).
6
Let y(g) = -7*g - 200. What is y(-25)?
-25
Let j(t) = -18*t + 2. Determine j(1).
-16
Let n(t) = 2*t**3 + 13*t**2 - 6*t + 6. Give n(-7).
-1
Let s(g) = 26*g**2 - 106*g + 10. Calculate s(4).
2
Let v(g) = -6*g - 20. Give v(-5).
10
Let q(i) = 2*i**2 - i - 5. What is q(3)?
10
Let k(g) = g**3 - 5*g**2 - 4*g. What is k(4)?
-32
Let f(p) = 15*p**2 - 2*p + 3. Give f(1).
16
Let j(r) = 5*r - 248. Give j(48).
-8
Let q(y) = -2*y**2 - 23*y + 27. Give q(-11).
38
Let q(v) = -6*v - 4. What is q(2)?
-16
Let k(y) = -y**3 + 19*y**2 + 20*y - 21. What is k(20)?
-21
Let b(t) = -16*t - 2. Calculate b(-1).
14
Let s(u) = u**3 - 7*u**2 + u. Determine s(6).
-30
Let w(c) = -c**2 + 30*c - 128. What is w(5)?
-3
Let n(u) = u**3 + 4*u**2 + 3*u + 4. What is n(-3)?
4
Let z(w) = -13*w + 69. Give z(5).
4
Let k(c) = c**3 + 4*c**2 + c - 8. Give k(4).
124
Let q(i) = -i**3 - 10*i**2 + 2*i. Calculate q(-10).
-20
Let i(m) = m**2 + 3*m - 6. What is i(6)?
48
Let u(z) = 12*z + 166. Determine u(-13).
10
Let q(x) = -2*x**2 + 8*x + 7. Calculate q(8).
-57
Let y(o) = 11*o - 6. Give y(1).
5
Let z(l) = -5*l + 63. Give z(13).
-2
Let f(q) = 3*q**3 + q**2 + 2*q - 2. Give f(-2).
-26
Let l(k) = 11*k**2 - 4. Give l(-2).
40
Let v(f) = 7*f. Give v(-5).
-35
Let j(l) = -l**2 - 3*l + 8. Give j(-6).
-10
Let q(m) = -7*m**2. Give q(1).
-7
Let d(t) = -27*t**2 + 20*t - 20. What is d(1)?
-27
Let v(t) = t**2 - 7*t - 5. Calculate v(7).
-5
Let l(d) = d**3 - 9*d**2 - 12*d + 19. Calculate l(10).
-1
Let u(k) = -4*k - 3. Determine u(-9).
33
Let r(w) = w**2 - 6*w + 3. What is r(5)?
-2
Let u(w) = -13*w - 2. Give u(3).
-41
Let k(n) = -n**2 - 21*n + 21. Calculate k(-14).
119
Let s(q) = -q - 8. What is s(-4)?
-4
Let j(l) = 3*l**3 - 4*l**2 + 4*l - 1. Calculate j(2).
15
Let a(d) = -9*d**2 - 2*d - 2. Calculate a(-1).
-9
Let m(g) = -g**2 + 13*g - 19. Determine m(14).
-33
Let l(t) = 33*t - 79. Give l(2).
-13
Let t(o) = -o**2 - 16. What is t(0)?
-16
Let b(q) = q - 11. Calculate b(-13).
-24
Let v(o) = o**2 + 10*o - 16. Give v(-9).
-25
Let r(v) = -v**2 - 9*v + 1. Determine r(-11).
-21
Let o(g) = 2*g - 67. Calculate o(34).
1
Let